 Determine q(-38).
-7
Let c(w) = -5808*w - 51692. Determine c(-9).
580
Let l(r) = -2*r**3 + 29*r**2 + 48*r - 8. Determine l(-2).
28
Let q(t) = 2441*t + 85423. Calculate q(-35).
-12
Let i(r) = 3*r**3 + 85*r**2 - 140*r + 68. What is i(-30)?
-232
Let l(i) = -19*i**3 - 97*i**2 + 131*i + 16. What is l(-6)?
-158
Let n(m) = -m**3 + m**2 - 624*m - 2502. Determine n(-4).
74
Let j(z) = 74758*z**2 - 373787*z + 1. Calculate j(5).
16
Let u(z) = z**3 - 20*z**2 - 174*z + 151. Give u(26).
-317
Let j(n) = -n**3 + 122*n**2 - 582*n - 471. Calculate j(117).
-120
Let x(k) = 614*k - 15987. Give x(26).
-23
Let k(y) = 1097380*y + 7681667. What is k(-7)?
7
Let o(a) = a**3 + 85*a**2 + 1685*a - 341. What is o(-32)?
11
Let l(m) = m**3 - 14*m**2 - 3315*m + 52536. What is l(16)?
8
Let z(o) = 509*o + 450415. Determine z(-885).
-50
Let l(c) = 11*c**2 - 4850*c + 9234. Determine l(439).
15
Let s(v) = -655*v - 400208. Calculate s(-611).
-3
Let s(u) = -1361*u**2 - 10897*u - 85. Give s(-8).
-13
Let q(d) = 16009*d + 46763. Determine q(-3).
-1264
Let j(w) = -w**3 - 3*w**2 - 57*w - 77. Calculate j(0).
-77
Let t(s) = -221*s**2 - 1480*s + 47. What is t(-7)?
-422
Let x(u) = -u**3 + 45*u**2 - 43*u - 19. Calculate x(0).
-19
Let n(b) = -126*b + 4080. What is n(24)?
1056
Let m(y) = 14337*y + 372582. Determine m(-26).
-180
Let r(u) = 3567898*u - 53518460. Calculate r(15).
10
Let o(s) = -13*s**3 - 16*s**2 - 81*s + 48. Calculate o(-5).
1678
Let x(h) = -3*h**2 - 21*h + 27486. Determine x(93).
-414
Let w(g) = 2967*g**2 - 38551*g - 266. What is w(13)?
-6
Let a(h) = 25263*h + 1136845. Calculate a(-45).
10
Let h(t) = -6*t**2 + 453*t + 119. Determine h(76).
-109
Let a(b) = -94792*b + 2085433. Calculate a(22).
9
Let r(t) = t**2 - 1442*t - 156654. Calculate r(-102).
834
Let t(b) = 2*b**3 - 871*b**2 - 828*b + 170909. Determine t(436).
-3
Let u(p) = -p**3 - 32*p**2 - 79*p + 49. What is u(-29)?
-183
Let n(s) = 2*s**3 + 61*s**2 + 77*s + 1422. What is n(-30)?
12
Let h(o) = 6*o - 316. Give h(-25).
-466
Let d(c) = -c**3 + 32*c**2 + 183*c + 61. Calculate d(37).
-13
Let l(p) = -p**2 + 7680*p + 370972. Give l(-48).
28
Let y(l) = -16*l**2 - 216*l - 495. What is y(-8)?
209
Let c(m) = 2651*m**2 - 6*m - 15. Calculate c(0).
-15
Let c(l) = -847*l - 26117. Give c(-34).
2681
Let h(f) = -1281*f**2 + 7723*f - 223. What is h(6)?
-1
Let h(u) = -115*u**2 - 12541*u - 230. What is h(-109)?
424
Let c(t) = -43*t**2 + 2*t - 9. What is c(5)?
-1074
Let t(a) = -95558*a - 382232. Give t(-4).
0
Let z(q) = -426454*q - 37954399. What is z(-89)?
7
Let i(c) = 67*c**2 + 68*c + 381. What is i(-5)?
1716
Let d(h) = 8312*h - 1670750. Calculate d(201).
-38
Let q(c) = -2*c**3 + 470*c**2 - 25953*c + 7120. Give q(88).
-8
Let z(d) = 2*d**3 + 6*d**2 - 62*d + 315. Give z(7).
861
Let i(m) = -430*m**2 - 22*m + 15. Determine i(-1).
-393
Let p(o) = -103974*o + 5198699. What is p(50)?
-1
Let d(v) = -1121875*v + 1121887. Determine d(1).
12
Let t(d) = -d**3 + 44*d**2 + 4410*d - 196427. Calculate t(45).
-2
Let l(z) = 5*z**3 + 360*z**2 - 11*z - 886. What is l(-72)?
-94
Let y(v) = -1359*v + 17948. Determine y(13).
281
Let r(i) = 2*i**2 + 2*i - 572. Give r(-19).
112
Let y(r) = 6445*r + 116342. What is y(-18)?
332
Let h(v) = -725*v + 187825. Calculate h(259).
50
Let s(i) = -i**2 - 18901*i - 245552. What is s(-13)?
-8
Let a(m) = -1213*m - 37273. Calculate a(-34).
3969
Let f(t) = 2732*t + 120218. Determine f(-44).
10
Let o(l) = l**3 - 104*l**2 - 103*l - 1261. What is o(105)?
-1051
Let b(x) = 570*x**2 - 6748*x - 1097. Determine b(12).
7
Let f(i) = 2*i**2 - 21913*i - 65750. Give f(-3).
7
Let w(g) = 285*g - 9028. Give w(32).
92
Let r(w) = 6*w**2 - 174*w - 1512. Calculate r(36).
0
Let w(x) = x**3 - 131*x**2 - 440*x + 23137. What is w(133)?
-5
Let r(w) = -492216*w + 4429966. What is r(9)?
22
Let f(a) = a**3 + 12*a**2 - 696*a - 16. Determine f(21).
-79
Let h(a) = 53*a**2 + 1147*a + 17. What is h(-22)?
435
Let p(n) = 79*n**2 - 1043*n + 82. What is p(13)?
-126
Let r(c) = c**3 + 4*c**2 - 56*c - 9. Calculate r(7).
138
Let l(n) = -n**3 - 75*n**2 - 1083*n - 7. Determine l(-54).
-2761
Let y(l) = 3*l**3 - 59*l**2 + 151*l - 2362. Give y(20).
1058
Let s(x) = 221190*x + 4202611. Determine s(-19).
1
Let d(u) = -125569*u - 627867. Determine d(-5).
-22
Let v(q) = 7*q**2 - 6206*q - 320896. Determine v(-49).
5
Let z(x) = x**2 + 169*x - 311508. Calculate z(-649).
12
Let h(r) = -3*r**3 + 5*r**2 + 1105*r - 6356. Determine h(6).
-194
Let m(q) = 3*q**3 - 502*q**2 - 1861*q - 3411. Calculate m(171).
9
Let j(a) = -3*a**2 + 378*a - 2893. Calculate j(115).
902
Let z(p) = 3640*p - 2315068. Determine z(636).
-28
Let t(g) = 64*g**2 - 3836*g - 723. Calculate t(60).
-483
Let y(v) = 8*v**3 + 278*v**2 - 33*v - 150. Calculate y(-35).
-1445
Let r(l) = 6*l**3 - 5*l**2 - 62*l + 94. Give r(3).
25
Let r(f) = 9*f**3 - 134*f**2 - 48*f - 62. Calculate r(15).
-557
Let g(n) = 54*n**2 + 3707*n - 1156. What is g(-69)?
155
Let l(a) = 3*a**3 - 136*a**2 + 31*a + 590. What is l(45)?
-40
Let i(b) = 2*b**3 - 15*b**2 + 8*b - 303. Give i(13).
1660
Let a(t) = -t**3 - 50*t**2 + 207*t + 7898. Determine a(-51).
-58
Let q(x) = -6*x**3 + 300*x**2 - 138. Determine q(50).
-138
Let a(o) = 722*o - 12917. Determine a(18).
79
Let f(t) = -t**2 - 2602*t - 300221. Calculate f(-121).
-20
Let d(m) = -1803*m - 140630. Calculate d(-78).
4
Let h(j) = -94*j**2 + 138*j + 989. Give h(-6).
-3223
Let g(v) = 202*v**2 - 14337*v - 137. Calculate g(71).
218
Let d(l) = l**3 + 285*l**2 + 1068*l - 6149. Calculate d(-7).
-3
Let v(c) = -29178*c + 1867511. Calculate v(64).
119
Let k(p) = -203*p**3 + 5*p**2 - 38*p - 88. Determine k(-2).
1632
Let h(q) = -2*q**3 + 11*q**2 + 56*q + 18. Calculate h(-3).
3
Let z(s) = -14*s**3 + 66*s**2 + 7*s + 49. Calculate z(5).
-16
Let k(p) = 7386*p + 302612. Give k(-41).
-214
Let l(y) = -y**3 - 59*y**2 - 27*y - 1311. Determine l(-59).
282
Let q(l) = -796*l + 32887. Calculate q(38).
2639
Let y(h) = -h**2 - 2805*h - 1055946. What is y(-448)?
-10
Let u(n) = -n**2 - 1336*n - 71658. Give u(-56).
22
Let k(w) = 3*w**3 - 21*w**2 - 120*w - 594. Determine k(11).
-462
Let g(m) = -5*m**3 + 52*m**2 + 96*m - 129. What is g(11)?
564
Let d(m) = 325*m**2 + 6818*m + 42. Calculate d(-21).
189
Let y(z) = 5*z**3 - 185*z**2 - 29*z - 1. What is y(5)?
-4146
Let z(w) = 2*w**2 - 11040*w + 471018. What is z(43)?
-4
Let z(s) = -6*s**2 - 212*s + 1447. What is z(-43)?
-531
Let t(m) = m**3 - 7*m**2 - 256*m + 1097. Calculate t(4).
25
Let h(i) = -57*i**2 - 5127*i - 1. What is h(0)?
-1
Let l(o) = -41*o**2 + 454*o + 65. Calculate l(13).
-962
Let f(y) = -14*y**2 + 7546*y + 30405. Determine f(-4).
-3
Let s(j) = -13*j**2 + 93*j + 992. Calculate s(13).
4
Let z(i) = -11*i**3 - 5*i**2 - 132*i - 651. Give z(-6).
2337
Let z(h) = -3*h**3 - 48*h**2 - 118*h - 13. Determine z(-13).
0
Let t(i) = -52872*i + 52870. What is t(1)?
-2
Let p(a) = -7*a**3 + 80*a**2 - 50*a + 100. What is p(11)?
-87
Let b(j) = -j**3 + 18*j**2 - 320*j + 6467. Give b(19).
26
Let b(t) = -27513*t + 137781. Give b(5).
216
Let s(l) = -112*l**2 - 1361*l + 64. Give s(-12).
268
Let k(z) = -2108*z + 3286. Calculate k(2).
-930
Let a(p) = 1580*p - 6431. Give a(4).
-111
Let f(x) = 1863*x - 3837. Give f(2).
-111
Let m(g) = g**3 - 36*g**2 - 1413*g + 62. Give m(-23).
1350
Let o(v) = v**3 + 308*v**2 - 801*v + 41059. What is o(-311)?
7
Let v(f) = 325*f**2 + 29582*f + 641. Give v(-91).
4
Let a(q) = -20*q**3 - 4*q**2 + 1760*q - 1755. Calculate a(1).
-19
Let g(w) = -11*w**3 - 170*w**2 + 1010*w + 201. What is g(-20)?
1
Let n(h) = 5845*h - 379916. Calculate n(65).
9
Let q(s) = 11*s**2 + 344*s - 116. Give q(-22).
-2360
Let i(c) = -7104*c - 14230. Give i(-2).
-22
Let f(q) = -q**3 - 7*q**2 + 296*q + 755. Give f(15).
245
Let v(z) = -z**2 + 99*z - 862. Determine v(55).
1558
Let u(l) = -8793*l - 45815. What is u(-5)?
-1850
Let y(n) = -n**3 - 47*n**2 - 28*n + 64. Calculate y(-46).
-764
Let w(g) = -24*g**3 - 2426*g**2 - 160*g + 4246. Determine w(-101).
4
Let a(q) = -34*q**3 + 22*q**2 + 29*q + 3. Give a(-4).
2415
Let u(c) = 2*c**3 - 136*c**2 - 207*c - 5112. What is u(70)?
-2
Let z(f) = f**3 - 51*f**2 - 9062*f - 403. What is z(124)?
-1643
Let w(p) = -p**3 + 2*p**2 + 469*p + 7. What is w(0)?
7
Let o(l) = l**3 - 557*l**2 + 6095*l + 5350. Calculate o(12).
10
Let c(k) = 400*k - 31162. Determine c(78).
38
Let w(j) = 252696*j - 25